ative of -2*i + 0*i**4 + 1/2*i**2 - 1/3*i**3 - 1/20*i**5 + w. What is g(-2)?
13
Let z(d) = -2*d**3 - 9*d**2 + 2*d - 5. Let j = -222 + 231. Let n(p) = p**3 + 4*p**2 - p + 2. Let u(m) = j*n(m) + 4*z(m). Determine u(2).
4
Let m(d) = d**2 + 237*d - 472. Let o be m(2). Let q(p) = p**3 + p**2 - 44*p + 18. Give q(o).
6
Let n(k) = k**3 - 13*k**2 + 7*k - 64. Let z(t) = t**3 - 12*t**2 + 5*t - 55. Let j(d) = -4*n(d) + 5*z(d). Determine j(8).
-43
Let n(d) = -78*d + 107*d + 91 - 38*d. Give n(10).
1
Suppose 4*w - 3*r + 8 = -10, -4*r + 16 = -4*w. Let k(y) = -7*y**2 - 1. Let h(i) = -i**2 + i - 1. Let m(b) = 6*h(b) - k(b). Calculate m(w).
-5
Let l(u) = 4*u - 135. Let a(j) = j**3 + 27*j**2 + 2*j + 88. Let z be a(-27). Let n be l(z). Let c(v) = -15*v - 1. What is c(n)?
-16
Let k(s) = s + 2. Let y(z) = -z**3 + 5*z**2 + 7*z - 2. Let l be y(6). Let n(m) = -m - 3. Let a(c) = l*k(c) + 5*n(c). Determine a(-6).
-1
Let x(r) = r**3 - 11*r**2 + 9*r + 13. Let f(i) = -69*i**2 + 685*i + 60. Let w be f(10). What is x(w)?
3
Let c(r) = 2 - 2 + r. Let x(u) = 53*u**2 + 1912*u + 145. Let k be x(-36). Determine c(k).
1
Let n(z) be the second derivative of 5*z**4/12 - 5*z**3/6 - 6*z. Suppose -209*h + 425 = 7. Calculate n(h).
10
Let x = -11728 + 11734. Let u(k) = -56*k + 328. What is u(x)?
-8
Let t(h) be the first derivative of -1/2*h**2 + 68 - 7/3*h**3 + 0*h. Calculate t(-1).
-6
Let s(t) = -2*t**2 - 10*t - 7. Let h be s(-4). Let b(q) = 14*q - h - 31*q + 19*q. Determine b(4).
7
Suppose 0 = p + 2, -t + 10*p - 6*p = -10. Suppose 5 = -2*w - 4*m + 3, 2*m = -5*w + 11. Let d(i) = i**w - 8*i**2 + i - 2 + 0*i**3 + 5*i**2. Determine d(t).
-4
Let v(o) = o**3 - 3*o**2 - 17*o - 2. Let f(q) = q**2 - 9*q - 13. Let u be f(10). Give v(u).
-5
Let v = -457 + 449. Let s(m) = -m + 0*m + 4*m + 14 + 19. Let h be s(v). Let w(l) = l**2 - 9*l - 5. Give w(h).
-5
Let v(f) = -f + 3. Suppose 14 = 20*x - 13*x. Suppose x*u - 4 = -3*l - 3*u, -l + 5 = -2*u. Give v(l).
0
Let o(m) = -37*m**2 + 82*m**2 - 39*m**2 + 4 - m**3 - 3*m. Let f(r) = -r**3 + 7*r**2 - 3*r + 6. Let t(w) = 2*f(w) - 3*o(w). Give t(2).
-2
Let s(m) = m**3 + 13*m**2 + 2*m + 49. Suppose 811*y - 814*y - 15 = -4*l, 46 = -4*y + l. What is s(y)?
23
Suppose 2*d - 6*d = 4*w + 4, 4*d - 20 = 2*w. Let n be -6 - -4 - 48/w. Let p = n + -3. Let h(a) = a**2 - 7*a + 1. What is h(p)?
1
Let q(t) = 10*t**3 - t - 1. Let h = -50 + 52. Suppose 17 = r - h*r. Let k = 16 + r. Calculate q(k).
-10
Let u(b) be the second derivative of -b**5/20 + 3*b**4/4 - 3*b**3/2 - 3*b**2/2 - 2129*b. What is u(7)?
32
Let s be (1*(-9)/126)/(468/196 - 3). Let f(v) be the third derivative of 1/120*v**6 + 0*v - 1/3*v**3 - 44*v**2 + 0 + 1/12*v**4 + s*v**5. Determine f(-7).
-16
Let d = -174 - -168. Let g(l) = -3*l - 1. Let p(o) = -4*o - 1. Let b(h) = d*g(h) + 5*p(h). Determine b(6).
-11
Let z(q) be the second derivative of -q**5/20 - q**4/2 - q**3/3 - 3*q**2/2 + 8*q + 5. Let a(j) = j + 2. Let l be a(-8). Give z(l).
9
Let f(r) = 2*r**2 - 90*r - 1087. Let m be f(55). Let g(a) = a - 20. Give g(m).
-7
Let r(p) be the third derivative of p**7/5040 - 11*p**6/720 - 49*p**5/60 - 123*p**2. Let n(h) be the third derivative of r(h). Calculate n(11).
0
Let u(p) = 2*p**2 - 9*p - 6. Let m = -5558 - -5554. Give u(m).
62
Let p(h) = -h**2 - 7*h - 3. Let y be 8/(-14) - (-300)/84. Suppose 3*l = -y*l - 36. What is p(l)?
3
Let u(i) = -14*i**2 - 7*i. Let t(o) = -5*o**2 - 2*o. Let f(h) = -7*t(h) + 2*u(h). Let b be (36/(-8) - -4)*2. Give f(b).
7
Let p(j) = -2*j**3 - 4 - 3*j**3 + 3. Suppose 82*s + 4 - 2 = 84*s. Give p(s).
-6
Let h(v) = v**3 - 6*v**2 - 5*v - 3. Suppose 0 = 33*f - 344 + 113. Determine h(f).
11
Let f(x) = 13*x**2 + 13*x + 1. Let w(b) = 11*b**2 + 11*b + 1. Let r(p) = -4*f(p) + 5*w(p). Let y = 145 + -147. Determine r(y).
7
Let v(k) = -5*k + 4*k + 3 - k**2 - 17. Let c be 0*3346/956*((-4)/14)/1. Determine v(c).
-14
Let u(q) = -2*q**3 - 15*q**2 - 6*q. Let c be (-62)/10 + (8 - (-528)/(-60)). What is u(c)?
-7
Let r(h) be the first derivative of 62 + 2*h + 1/2*h**2. What is r(-8)?
-6
Let f be (2 - (-1 + -1 + 2)) + 48. Let i be -3 - ((-2 - -6) + -282). Let d be 1/(-2) + i/f. Let w(l) = l**3 - 4*l**2 - 4*l - 2. Determine w(d).
3
Let v(j) = -4*j - 6. Let r = -492 - -614. Suppose r - 185 = 7*q. Calculate v(q).
30
Suppose -g + 16*n - 21*n + 7 = 0, -3*n = -2*g - 25. Let s(z) = -35*z - 14. Let w(l) = 54*l + 21. Let h(u) = g*s(u) - 5*w(u). Give h(-5).
-43
Let g(u) be the first derivative of 5*u**2/2 + 38. Let w = -52 - -35. Let b = w + 14. Determine g(b).
-15
Let d(s) = 6*s**2 - s - 2. Let g be 0 - 30678/36 - (-10)/(-12). Let q = g + 855. What is d(q)?
20
Let t(d) = -8 + 4 + 10*d - 1 - d. Give t(7).
58
Suppose 1 = 2*o - 9, 0 = 3*g - 4*o + 11. Suppose 22*c + 25 = g. Let f(n) = -n**3 + 2*n. Determine f(c).
-1
Let c(r) = 26*r + 0*r - 24*r + r + 5 + 4*r. Give c(5).
40
Let p(r) = -53*r**2 + 20*r + 36. Let b(j) = 44*j**2 - 20*j - 37. Let q(o) = -6*b(o) - 5*p(o). What is q(-17)?
-9
Let p be (-1)/(-1) + (-3)/3. Suppose 3*b + p*k = 2*k + 6, b + 2*k - 2 = 0. Let y(n) = -4*n**2 + n**3 + n**2 - b + 5*n - 6*n. Give y(3).
-5
Let n(i) = -20*i**2 + 95*i + 30. Let s be n(5). Let v(z) be the third derivative of z**6/120 - z**5/15 - z**4/6 - z**3/3 + 2*z**2. What is v(s)?
3
Let w be -1*(0 + -3 + -8). Suppose -w*s + 407 = -1001. Let p(n) = -s*n + 0 + 127*n - 3 + 1. What is p(-5)?
3
Let z(b) = 84 + 28*b + 2225*b**2 + b**3 + 2443*b**2 - 4642*b**2. Calculate z(-25).
9
Let w(o) = -o**3 + 5*o**2 - 22*o + 173. Suppose -28*c - 5*u + 36 = -27*c, 4*c - 2*u = 12. Calculate w(c).
5
Let o(n) = 2*n**3 + n. Let k(c) = 3*c**3 + 11*c**2 - 10*c + 13. Let f(l) = k(l) - 2*o(l). What is f(10)?
-7
Let n be (-1 - (-4)/10)*-5 - -170. Suppose -5*t + n = -4*t. Let x(o) = -t*o + 0*o**2 + o**3 + 3*o**2 + 5 + 170*o. Determine x(-4).
1
Let o(c) be the first derivative of -c**2/2 - 56*c + 12253. Give o(-28).
-28
Let g(u) = 5*u**2 + 8*u + 3. Let b(o) = -45 - 45 - 17*o + 84 - 11*o**2. Let y(d) = -4*b(d) - 9*g(d). Determine y(-2).
1
Suppose -b - 6 = -4*o + 2*o, -5*b + 3*o = 23. Let f(j) = 94*j**3 - 15997 + 15997 - 5*j - 2*j**2 - 3*j**2 - 95*j**3. Calculate f(b).
4
Let q(n) = -n**2 + 3*n - 2. Let w(x) = 14*x**2 - 5*x - 7. Let p be w(5). Suppose -4*h = 2*u - 244, 5*h - p = -0*u + 4*u. Let t = -65 + h. Determine q(t).
-20
Let k(p) = 2*p - 8. Let v be (2/5)/(((-6)/320)/(-3)). Let c = v - 59. What is k(c)?
2
Let s(k) = -k**3 + 2*k**2 + 16*k - 7. Let y be (-1 + 0)*(-87 - -4). Let t = y + -78. Let z be s(t). Let g(n) = 13*n + 3. Give g(z).
-23
Let x(z) = -8*z**2 - 2 - 132*z**3 + 65*z**3 - 8*z + 66*z**3. Let w be (-1*3)/(6*(-1)/10). Suppose 2*p + 23 = -3*v, -w*p - 40 = -p + 4*v. Calculate x(p).
5
Let d(w) be the third derivative of w**4/2 + 73*w**3/3 - 604*w**2. Calculate d(-12).
2
Let t(f) = 37*f - 9. Let l = 10416 + -10414. Calculate t(l).
65
Let h be -19*(10 + -11)*(48/6 - 7). Let c(q) = -2*q**2 + 42*q - 63. Calculate c(h).
13
Let h(l) be the first derivative of l**5/120 + 7*l**4/12 - 12*l**3 - 11. Let b(k) be the third derivative of h(k). What is b(-11)?
3
Suppose 0 = 283*u - 243*u + 320. Let n(g) = -6*g - 50. Calculate n(u).
-2
Let u(c) = 3 + c**2 - c**3 + 5*c**2 - 7*c + 0*c**2. Let h = 9724 - 9719. Determine u(h).
-7
Let w(q) = -3 + 2 + 2 + q**2 - q - q**3. Suppose -143*b = 256*b. Calculate w(b).
1
Let j(y) = 12*y - 27. Let q(x) = -10*x + 54. Let d(v) = -2*j(v) - 3*q(v). Calculate d(20).
12
Suppose -2*w = -4*z - 22, 4*w + 2*z = -0*w - 6. Let f(n) = -n**3 - 5*n**2 - 4*n - 9. Let d be f(-5). Let m(y) = -10*y - 1 + 8*y**2 - d*y + 23*y. Give m(w).
9
Let z(q) = 33 + 6*q + 4 - 12 - 4 - q**2. Calculate z(-3).
-6
Let k = -197 + 197. Suppose 15 = 5*a - 5*o, -5*a = -3*o - k*o - 13. Let q(g) = -10*g - 1. Calculate q(a).
-21
Let i(t) be the second derivative of t**4/12 - 3*t**3/2 - 13*t**2 - 72*t - 14. Calculate i(10).
-16
Let k(y) = 16*y**2 - 51*y - 12. Let v be 3/4*36/(-3). Let p(q) = 7*q**2 - 24*q - 6. Let b(j) = v*p(j) + 4*k(j). Suppose -2*z = -3*z - 11. What is b(z)?
-5
Let f = 468 + -469. Suppose 0 = -5*i + 20 + 10. Let r = f + i. Let u(x) = -x + 1. What is u(r)?
-4
Let c = 1299/26140 + 2/6535. Let j(q) be the second derivative of -1/2*q**2 + 1/12*q**4 - 26*q + c*q**5 - 1/3*q**3 + 0. Determine j(-2).
-1
Let l(b) = -21 + 18*b + 8 + 2*b + 42 + 67. Give l(-5).
-4
Let v(d) = -d**3 + 7